e 1 + -1 + (0 - v). Suppose m - 1 = 2*j. What is the units digit of j?
6
Let f = 1 - 0. Let x = -13 + 1. What is the units digit of f*(-3)/6*x?
6
Suppose -4*j = a + 58, -3*a = 5*j - 0*a + 69. What is the units digit of ((-51)/j)/((-5)/(-25))?
7
Suppose 0 = -5*w + 7*w - 482. What is the tens digit of w?
4
Let i(j) = -j**2 + 14*j - 3. What is the tens digit of i(11)?
3
Suppose -q + 8 = -m, -3*m - 23 = -5*q + 19. Suppose -q*x + 138 = -6*x. What is the tens digit of x?
4
Let u(h) = -h + 2. Let b = 6 - 4. Let q be u(b). Suppose -8 = -q*j - 2*j. What is the units digit of j?
4
Let u(l) = -4*l**3 - 2*l**2 - 3*l. What is the units digit of u(-2)?
0
Suppose 12 = 2*y - 8. Suppose 2*p = -5*q + 2*q - 10, -5*q = y. What is the units digit of (1/2)/((-1)/p)?
1
Suppose 3*v - 2*t + 5 = -45, -4*v + 5*t - 76 = 0. What is the units digit of (-188)/(-28) + (-4)/v?
7
Let v(k) be the third derivative of k**5/20 + k**4/12 - k**3/6 + k**2. Let r be v(3). Suppose 0 = -4*j - d + r, 1 = j + 2*d - 0*d. What is the units digit of j?
9
Let a(y) = -6*y**3 - y**2 + 12. Let q(k) = k**3 - k**2 + k - 1. Let c(h) = a(h) + 5*q(h). What is the units digit of c(-7)?
1
Let u = 8 + -4. Suppose -2*v = -7*v + 2*p + 108, 3*v - 44 = -u*p. What is the tens digit of v?
2
Suppose 0 = 2*a + a. Suppose a = -2*l + 2, 0*v - 5*l = v - 9. What is the units digit of v?
4
Let p(l) = l - 14. Let f be p(6). Let s = -12 + f. What is the units digit of (2 + s)/2*-1?
9
Let b be 40/(-3)*30/(-4). What is the units digit of ((-2)/(-5))/(4/b)?
0
Let l(r) = 58*r - 1. What is the hundreds digit of l(2)?
1
What is the tens digit of -4 + 0 + (-130)/(-2)?
6
Let f = -33 + 23. Suppose 1 - 61 = -4*i. Let t = i + f. What is the units digit of t?
5
Let m(y) = y**2 - 7*y - 8. Let u be m(8). Suppose 2*g + 0*g = u. Suppose r + g = 3. What is the units digit of r?
3
Let a(o) = -3*o + 2. What is the tens digit of a(-4)?
1
Suppose -d - 1027 = -4*b + 391, 5*b = 5*d + 1780. What is the hundreds digit of b?
3
What is the units digit of 111/9 - 1/3?
2
Let u(n) = -n**3 - 2*n**2 + 3*n - 4. Suppose 2*s - 3*s - 4 = 0. What is the tens digit of u(s)?
1
Suppose 3*r + 3*b - 42 = 0, -5*b = 2*r + 2*r - 57. What is the tens digit of r?
1
Suppose -4*f + 72 = -2*q - 3*q, -2*q = 4*f + 40. What is the tens digit of 6 - 6/2 - q?
1
Let l be 2/(6/51) - 3. Let i = -6 + l. What is the units digit of i?
8
Let x = -3 + 5. Suppose -s - 38 = -x*b, -5*s = -b - 0*b + 37. Suppose -23 = -5*g + b. What is the units digit of g?
8
What is the units digit of 48/60*-5*131/(-2)?
2
Suppose 34 = -3*b + 133. Suppose -2*l - 2*d + 82 = 0, 5*d = 3*l - 50 - b. Suppose 4*r + 0*r = l. What is the units digit of r?
9
Let z(j) = 12*j + 2. Let d be z(1). Suppose 2*r - d = 6. What is the units digit of r?
0
Suppose 0 = v - 5*v + 12, 33 = -3*s - 4*v. Let m = -20 + 11. Let c = m - s. What is the units digit of c?
6
Let n = 92 + 3. What is the tens digit of n?
9
Let x(j) = -2*j + 3*j**2 + 6*j**2 - 5*j**2. Let d be 4/(-18) - 40/(-18). What is the tens digit of x(d)?
1
Suppose p = -3*v + 8, -6*v + v = -p. Suppose 5*l + 76 = 3*g, -5*g + g - p*l + 78 = 0. What is the units digit of 184/44 - 4/g?
4
Suppose -3 = -i + 2. Let m(g) = 10*g + 4. Let b be m(i). What is the units digit of (b/2)/3 + -1?
8
Let i(p) = -p**2 + 2*p + 3*p**2 + 2 - 4. Let h be i(-4). Suppose -3*m + h = -m. What is the tens digit of m?
1
Suppose 0 = -2*d + 41 + 1. Suppose 2*k + 37 = 5*f, -2*f + 7 = -3*k - d. Let b = 1 - k. What is the units digit of b?
7
What is the units digit of (-25)/(-2)*(-216)/(-30)?
0
Suppose 5*q = -b + 194, 2*q + 2*b - 35 = 49. What is the units digit of q?
8
Suppose 3*x = 3*v - 9, -2*v = -10*x + 5*x. Suppose 4*i - 52 = -5*k + 59, -155 = -v*i - 3*k. What is the tens digit of i?
3
Suppose -2*f + 2*j = -16, -3*j = 4*f - 35 + 3. Let h be 2/(-6) + f/24. Let i = 1 + h. What is the units digit of i?
1
Let b = -51 + 80. What is the units digit of b?
9
Suppose -10*r - 135 = -j - 9*r, -4*j - 4*r = -516. What is the tens digit of j?
3
Let b = 100 - 42. What is the units digit of b?
8
Let q = 28 + -10. Suppose 0*o + 3*o = -q. What is the tens digit of 1 - 3/(o/20)?
1
Suppose d - 84 = 3*g - 0, 4*d + 2*g - 336 = 0. What is the units digit of d?
4
Suppose -1266 = -5*r - 156. What is the tens digit of r?
2
What is the tens digit of ((-654)/(-12))/(2/4)?
0
Let j = -26 - -56. Suppose 0*b = v + b - 34, -v + 3*b + j = 0. What is the tens digit of v?
3
Let v(d) = -d**3 + 3*d**2 + 3. Let k = -5 - -9. Let x = -1 + k. What is the units digit of v(x)?
3
Let m be (-3)/(-6)*(1 + -1). Suppose m = 3*c - c - 8. What is the units digit of c?
4
Let r(a) = 23*a + 2. What is the tens digit of r(1)?
2
Let k(w) = 2*w**2 - 4*w - 22. What is the tens digit of k(6)?
2
Let p(t) = t**2 + 4*t - 1. Let f be p(-6). Let c = f - 19. Let g = c + 13. What is the units digit of g?
5
Let i(m) = -2*m + 8. Let s be i(8). Let v = -2 - s. Let a = 14 - v. What is the units digit of a?
8
Let k(p) = 5 + p**2 - 8*p + 1 + 4. Let s be k(7). What is the units digit of s/((-2)/8 + 1)?
4
Let f(j) = j**2 - j - 2. Let o be f(3). Suppose 2*b - c - 3 = -2, 0 = o*c + 4. What is the units digit of (2 - 7)*-1 + b?
5
Let i(x) be the second derivative of -1/6*x**3 + 2*x + 3/2*x**2 + 0. What is the units digit of i(0)?
3
Let z(u) = 7 - 6*u - 3*u**2 - u - 1 + 4*u**2. Let x be (-1)/((-1)/7) - 0. What is the units digit of z(x)?
6
Let s(p) be the first derivative of 5*p**2/2 - 2*p - 1. Let q(r) = r + 15. Let u be q(-13). What is the units digit of s(u)?
8
What is the units digit of ((-148)/(-10))/(2/10)?
4
Let m(h) = -h - 3. Let i be m(-7). Suppose 5*d + 4*c + 86 = 9, 4*c + 60 = -i*d. Let s = d + 28. What is the units digit of s?
1
Suppose 33 = -10*l + 103. What is the units digit of l?
7
Let b = -5 + 5. Let p = 0 + 0. Suppose p = -5*l - 20, b*t - 5*l = -4*t + 72. What is the units digit of t?
3
Suppose -3*j + 2*r - 6 = -0, -12 = -4*j - 4*r. Suppose t - 4*t + 21 = j. What is the units digit of t?
7
Suppose 4*u - 94 = -k - 16, 0 = -2*u. What is the tens digit of k?
7
Let r be -9 - ((-6)/(-3) + -5). Let q = -3 - r. Suppose -5*y + 1 = d + 10, y + q = 0. What is the units digit of d?
6
Let w = 146 - 101. Let m = w - -5. What is the tens digit of m?
5
Suppose 2*r = -0*r + 4. What is the units digit of r?
2
Let l be (-3)/(-12) + (-95)/(-4). Suppose -2*d + 2 = -2*u - 0*d, -u = 4*d - l. What is the units digit of u?
4
Let v = 1 + 0. Suppose -140 = -5*h - 40. Suppose 3*n - h = v. What is the units digit of n?
7
Let l = 4 + 4. Let j be 2/l*-2*-6. Suppose -c = -j*c + 28. What is the tens digit of c?
1
Suppose 126 = 8*p - 170. What is the units digit of p?
7
Suppose l = 3*l - 3*g + 15, -25 = -2*l - 5*g. Suppose l*i - 5*i + 20 = 0. What is the units digit of (2 - 3) + i + 0?
3
Suppose 0 = 3*z - 2*k - 32, -32 = -3*z + 5*k + 3. What is the units digit of (1 - -2)*z/6?
5
Let x = -13 - -17. Suppose y - 14 = -2*k, 3*y + x*k - 48 = -0*y. What is the tens digit of y?
2
Suppose 2*b - 110 = -2*l, -2*l - 3*b + 154 = 47. What is the tens digit of l?
5
Suppose 4*n + n - 45 = 0. What is the units digit of n?
9
Let u(g) = 9*g**2 + g**3 - 15 - g**3 + 12*g - g**3. Let f be u(10). Suppose -f*v = 2*b - 4*b - 45, b = 2*v - 17. What is the units digit of v?
1
Let f = 15 - -74. What is the tens digit of f?
8
Let i(t) = t**2 + 7*t + 8. Let v be i(-6). Suppose 0 = v*w - 1 - 9. What is the units digit of w?
5
Let o(d) = -d**3 + d**2 + 4*d + 3. Let p be o(-2). Let g = p - 3. What is the units digit of g?
4
Let c = 93 - -21. What is the hundreds digit of c?
1
Let c be 6/15 - (-106)/10. Let g = 16 - c. What is the units digit of g?
5
Let m(t) = t + 8. Let x be m(-11). Let p be (-1)/(3/x) + 1. Suppose 5*b - p*i = 73, -i = b + 4*b - 61. What is the tens digit of b?
1
Suppose 10 = 4*z + 2. Suppose -3*p + 209 = -0*i - i, -137 = -z*p + 3*i. What is the units digit of ((-4)/(-5))/(4/p)?
4
Let o(x) = x**3 - 7*x**2 + 8*x - 8. Let m be o(6). Let y(i) = 4*i - 1. What is the tens digit of y(m)?
1
Suppose 0 = 4*s + s - 15. Suppose -2*m - s*m = 2*k - 133, -m = 2*k - 25. What is the tens digit of m?
2
What is the units digit of ((-18)/(-4))/((-3)/(-20))?
0
What is the units digit of 5/(-5)*(1*-43 + 0)?
3
What is the tens digit of 3/(-4) + 4080/64?
6
Let h = 9 + -7. Let c = 8 - h. What is the units digit of (-2